{"id":111,"date":"2022-04-14T17:08:58","date_gmt":"2022-04-14T20:08:58","guid":{"rendered":"https:\/\/evrowebs.com\/fundacion\/?page_id=111"},"modified":"2022-04-26T11:45:10","modified_gmt":"2022-04-26T14:45:10","slug":"familia-de-acogida-nazareth-fae-pro","status":"publish","type":"page","link":"https:\/\/evrowebs.com\/fundacion\/familia-de-acogida-nazareth-fae-pro\/","title":{"rendered":"Familia de Acogida Nazareth (FAE-PRO)"},"content":{"rendered":"\n<p><strong>\u00bfC\u00f3mo se llega a ser una familia guardadora?<\/strong><br><\/p>\n\n\n\n<div class=\"wp-block-image\"><figure class=\"alignleft size-full is-resized\"><img loading=\"lazy\" src=\"https:\/\/evrowebs.com\/fundacion\/wp-content\/uploads\/2022\/04\/fae-nazareth.jpg\" alt=\"\" class=\"wp-image-86\" width=\"361\" height=\"271\" srcset=\"https:\/\/evrowebs.com\/fundacion\/wp-content\/uploads\/2022\/04\/fae-nazareth.jpg 640w, https:\/\/evrowebs.com\/fundacion\/wp-content\/uploads\/2022\/04\/fae-nazareth-300x225.jpg 300w\" sizes=\"(max-width: 361px) 100vw, 361px\" \/><\/figure><\/div>\n\n\n\n<p>Para ser una familia guardadora la principal motivaci\u00f3n debe ser el agrado y el encanto de poder cuidar a un ni\u00f1o que realmente lo necesita, que se encuentra en una situaci\u00f3n de desprotecci\u00f3n bastabte importante. Partimos de la base que estos ni\u00f1os vienen con situaciones familiares e hist\u00f3ricas bastante complicadas, de vulneraci\u00f3n de derecho, de maltrato f\u00edsico, de da\u00f1o psicol\u00f3gico, que necesitan mucho afecto y mucha contensi\u00f3n&#8221;. Y desde all\u00ed es que nace el asunto que en vez que este ni\u00f1o ingrese a un hogar &#8211; sin desmerecer las labores de los hogares &#8211; ingrese a un contexto familiar. La familia tiene una din\u00e1mica distinta.<\/p>\n\n\n\n<p>La idea es que el ni\u00f1o se vaya desarrollado en este proceso de resiliencia, de recuperaci\u00f3n de todo esto que le ha pasado hacia atr\u00e1s en un contexto m\u00e1s familiar, m\u00e1s din\u00e1mico, que no se aleje tanto de la realidad que en alg\u00fan momento tuvo. Si bien se descomens\u00f3 y que por esto el ni\u00f1o sale de su familia, que ingrese a un contexto lo m\u00e1s parecido al que en un momento tuvo. Insisto en que la idea del FAE, el objetivo es que se vuelva a reestablecer el derecho del ni\u00f1o de vivir con su familia. Mientras tanto nosotros nos preocupamos de intervenir con las familias de origen, sobre todo en lo que se llama el ejercicio de las habilidades parentales, capacitando en la medida de lo posible y de acuerdo a las caracter\u00edsticas de cada caso, e mejoramiento y la capacidad de los padres ir mejorando en esta situaciones que llevaron a que los ni\u00f1os ingresen a nuestro proyecto.<\/p>\n\n\n\n<p>Mientras tanto aparece la figura de la familia guardadora, como la familia protectora, que cuida al ni\u00f1o, que le prepara la comida, que lo levanta en las ma\u00f1anas para ir al colegio, que establece su din\u00e1mica diaria como fue en alg\u00fan momento.<\/p>\n\n\n\n<div class=\"wp-block-image\"><figure class=\"aligncenter size-full\"><img loading=\"lazy\" width=\"567\" height=\"227\" src=\"https:\/\/evrowebs.com\/fundacion\/wp-content\/uploads\/2022\/04\/familia-acogida-tu-tb.jpg\" alt=\"\" class=\"wp-image-166\" srcset=\"https:\/\/evrowebs.com\/fundacion\/wp-content\/uploads\/2022\/04\/familia-acogida-tu-tb.jpg 567w, https:\/\/evrowebs.com\/fundacion\/wp-content\/uploads\/2022\/04\/familia-acogida-tu-tb-300x120.jpg 300w\" sizes=\"(max-width: 567px) 100vw, 567px\" \/><\/figure><\/div>\n\n\n\n<p>DIRECTOR: Gonzalo Catal\u00e1n Lecaros<\/p>\n\n\n\n<p>FONO: 61 2371396<\/p>\n\n\n\n<p>CORREO: nazareth@fundacionesperanza.cl<\/p>\n","protected":false},"excerpt":{"rendered":"<p>\u00bfC\u00f3mo se llega a ser una familia guardadora? Para ser una familia guardadora la principal motivaci\u00f3n debe ser el agrado y el encanto de poder cuidar a un ni\u00f1o que realmente lo necesita, que se encuentra en una situaci\u00f3n de desprotecci\u00f3n bastabte importante. Partimos de la base que estos ni\u00f1os vienen con situaciones familiares e <a class=\"read-more\" href=\"https:\/\/evrowebs.com\/fundacion\/familia-de-acogida-nazareth-fae-pro\/\">READ MORE<\/a><\/p>\n","protected":false},"author":1,"featured_media":86,"parent":0,"menu_order":0,"comment_status":"closed","ping_status":"closed","template":"","meta":[],"_links":{"self":[{"href":"https:\/\/evrowebs.com\/fundacion\/wp-json\/wp\/v2\/pages\/111"}],"collection":[{"href":"https:\/\/evrowebs.com\/fundacion\/wp-json\/wp\/v2\/pages"}],"about":[{"href":"https:\/\/evrowebs.com\/fundacion\/wp-json\/wp\/v2\/types\/page"}],"author":[{"embeddable":true,"href":"https:\/\/evrowebs.com\/fundacion\/wp-json\/wp\/v2\/users\/1"}],"replies":[{"embeddable":true,"href":"https:\/\/evrowebs.com\/fundacion\/wp-json\/wp\/v2\/comments?post=111"}],"version-history":[{"count":2,"href":"https:\/\/evrowebs.com\/fundacion\/wp-json\/wp\/v2\/pages\/111\/revisions"}],"predecessor-version":[{"id":167,"href":"https:\/\/evrowebs.com\/fundacion\/wp-json\/wp\/v2\/pages\/111\/revisions\/167"}],"wp:featuredmedia":[{"embeddable":true,"href":"https:\/\/evrowebs.com\/fundacion\/wp-json\/wp\/v2\/media\/86"}],"wp:attachment":[{"href":"https:\/\/evrowebs.com\/fundacion\/wp-json\/wp\/v2\/media?parent=111"}],"curies":[{"name":"wp","href":"https:\/\/api.w.org\/{rel}","templated":true}]}}